on divisor of 28 and k.
28
Let b(t) = t**3 - 12*t**2 + t - 10. Let r be b(12). Suppose -5*x - 20 = -4*l - x, r*l - 35 = -3*x. What is the greatest common factor of l and 2?
2
Let p(y) = -y**3 - 5*y**2 + 5*y - 3. Let l be p(-6). Suppose -4*k = -l*k - 63. Calculate the highest common divisor of 7 and k.
7
Let n(h) = h - 7. Let d be n(8). Let g be 0 - ((d - 1) + -2). Suppose l - 6 = 2*t, 0 = g*t + t. Calculate the greatest common divisor of 3 and l.
3
Suppose 3*r - 189 = -0*r. Calculate the greatest common divisor of r and 9.
9
Let k = 1 + 2. Suppose -6 = k*m - 0*m. Let p be -1 - (-142 + (-2)/m). Calculate the greatest common divisor of p and 14.
14
Let g(m) = -m**3 - 3*m**2 - m - 4. Let s be g(-3). Let y be (1 - -1)*s*-4. Let l be (-1)/(-2)*y + 0. Calculate the greatest common divisor of l and 6.
2
Let v(i) = -2*i + 41. Let f be v(12). What is the greatest common divisor of f and 34?
17
Suppose -141 = -3*b + 99. Suppose 5*a - 4*i = -9 + 59, 4*i = 0. What is the greatest common divisor of b and a?
10
Let z(m) = 3*m**2 - 4*m - 4. Let d be z(4). Suppose 3*v - v - d = 0. Calculate the greatest common divisor of 56 and v.
14
Suppose 0 = 2*c - c - 10. Calculate the greatest common factor of c and 70.
10
Let i = 11 + -8. Suppose f - 1 = 2*j, 0 = -5*j + 6*j + 2*f - 12. Suppose 2*p = -j*p + 4. What is the greatest common divisor of p and i?
1
Suppose 4 = 2*k - 44. Let c be (-10 - 0)*480/(-25). What is the highest common divisor of c and k?
24
Let d(q) = q**2 + 11*q + 13. Let n be d(-11). What is the highest common divisor of 39 and n?
13
Suppose -5*p = 4*o - 54, 0*p - 3*o = 4*p - 43. Suppose b = 6*b - 10. What is the highest common factor of b and p?
2
Suppose 0 = 37*v - 36*v - 55. What is the greatest common divisor of 22 and v?
11
Suppose 0*f - 4*f = -5*d - 855, 3*f - 4*d - 642 = 0. Suppose 4*j - f = -j. Calculate the greatest common factor of j and 7.
7
Suppose -f + 2*f = 13. Let s = -6 - -58. Calculate the highest common divisor of s and f.
13
Suppose j + 2 - 3 = 0. Suppose 3*r - 5*g = 2, 0 = 4*r - 5*g - 5 - j. Suppose -r*y = -53 + 5. Calculate the greatest common divisor of y and 4.
4
Let v be -1*(-1 - (7 + -1)). Let t(j) = -j**2 + 7*j - 7. Let h be t(v). Let x = h - -12. Calculate the highest common divisor of x and 45.
5
Let y be -3 + (-1 - -4) - -132. Calculate the greatest common divisor of y and 12.
12
Let a(b) = b**2 + 8*b + 7. Suppose 0 = 2*g + 2*g + 28. Let x be a(g). Let m be (-2 + 1)*x - -1. What is the greatest common factor of m and 4?
1
Let o be (-1)/(-5) + 9/5. Suppose 0 = o*i - 4. Suppose -i*j + 2*s + 15 = 3*s, -45 = -5*j - s. What is the greatest common factor of 60 and j?
10
Let o = 6 + -4. Let n be 1*(13 - o) + -1. Let w(k) = 2*k**2 - 23*k - 29. Let t be w(13). What is the greatest common divisor of n and t?
10
Suppose 3*n = 4*m + 46, -4*n = -m - 11 - 46. Let v = 193 - 67. Calculate the greatest common divisor of v and n.
14
Let u(s) = 4*s**2 - 3*s + 1. Let o be u(2). Let d be -6*(4/3)/(-1). Suppose 5*y - d = 47. Calculate the highest common factor of o and y.
11
Suppose v - 5 = 0, 0 = 3*x - 4*v - 43 - 27. What is the greatest common divisor of 45 and x?
15
Let q = 0 + 5. Suppose -q*v - 3*u + 20 = 0, -2*u = 5*v - 21 + 1. Suppose v*f - 2*f - 18 = 0. Calculate the highest common factor of 81 and f.
9
Let t(n) = n**2 + 6*n - 4. Let q(o) = 1. Let z(a) = -4*q(a) - t(a). Let g be z(-6). Suppose g = -4*b - b + 135. Calculate the highest common divisor of 9 and b.
9
Let a be (-2)/3*-6 + 59. What is the greatest common divisor of a and 42?
21
Suppose 2*r + y - 5 = 1, -2*y = -r + 8. Calculate the highest common factor of r and 4.
4
Let n = 55 - 23. What is the highest common divisor of n and 4?
4
Suppose -165 = -5*v - 5*a, -5*v = -10*v - 3*a + 155. Calculate the greatest common factor of 8 and v.
4
Let i(s) = -3 + 15*s + 4 + 5*s. Let m be i(2). Suppose -n = -m - 54. What is the highest common factor of n and 19?
19
Let v(w) = 10*w - 4. Suppose 3*g - 5 = -3*a + 1, -6 = 2*g. Let l be v(a). Calculate the highest common factor of l and 69.
23
Suppose 2 = f - 5*d, f + 16 = 3*f + 2*d. What is the greatest common factor of f and 1?
1
Let m = 108 - 103. What is the greatest common divisor of m and 20?
5
Suppose 5*r = 2*o + 688, 5*o + 15 + 5 = 0. Let w = -96 + r. Calculate the greatest common divisor of w and 10.
10
Let b = -19 - -30. Let l(k) = -1 - 4*k - b*k - 2. Let z be l(-5). Calculate the highest common factor of 9 and z.
9
Let o(p) = -5*p - 4. Let x = 1 + -3. Let t be 0 - 1*x - 10. Let l be o(t). What is the greatest common divisor of 24 and l?
12
Suppose -3*o - 130 = -4. Let x(p) = 113*p**2 - 2*p + 1. Let c be x(1). Let a = o + c. What is the highest common factor of a and 10?
10
Let b(n) = 71*n + 6. Let r(o) = -4 - 24*o + 2 + 0. Let d(t) = -3*b(t) - 8*r(t). Let y be d(-2). What is the greatest common divisor of 8 and y?
8
Suppose -3*l + 310 = -0*l - 5*a, -4*l - 5*a = -390. What is the highest common divisor of 40 and l?
20
Let u(w) = w**2 - w - 10. Let l be u(-4). Suppose -q + 10 = -0. Calculate the highest common divisor of l and q.
10
Let w = 0 - -14. What is the greatest common divisor of w and 7?
7
Let k(x) = x**2 + 10*x + 9. Let a be k(-11). Suppose -20 = -0*l - 2*l. Calculate the highest common divisor of l and a.
10
Let t(s) = -26*s - 8. Let y be t(-4). Calculate the greatest common divisor of 16 and y.
16
Suppose 4*g - 40 = 2*g. Let k(r) = r**3 - 10*r**2 + 2*r. Let w be k(10). What is the highest common divisor of g and w?
20
Suppose 0 = -4*a + 13 + 11. Let j be 3/a + (-49)/(-2). Calculate the highest common factor of j and 10.
5
Suppose 0*n + n - 3*f - 20 = 0, -2*f = 4. Let w(p) = 2*p**3 - p**2 + 1. Let l be w(1). Suppose l*s - n = 6. Calculate the highest common divisor of 90 and s.
10
Let i be (1 - 2) + 46 + 3. Suppose -l - 26 = -3*z - 2*z, 2*l = -z + 3. Suppose 5 = -2*a - z, -5*n = -a - 35. Calculate the greatest common factor of n and i.
6
Let p = 42 - 30. Suppose 0 = -3*i - 5*l + 11, -2*i + 3 = 2*i - 5*l. Suppose 47 = i*h - 217. Calculate the greatest common factor of p and h.
12
Let d(m) = -m + 20. Let q be d(0). Suppose 2*p - 4*h = 20, 4*p - h - 2*h - q = 0. Let v = 66 - 44. Calculate the greatest common divisor of v and p.
2
Let y(p) = 2*p**3 - 2*p**2. Let h be y(2). Let u be (-3)/(4 - (-1141)/(-280)). What is the highest common divisor of h and u?
8
Let k be (-1)/2 + (-694)/4. Let o be k/(-11) + 2/11. Calculate the greatest common factor of o and 4.
4
Let h be 4/(-3) + 387/27. Calculate the greatest common factor of 91 and h.
13
Let z(k) = k + 5. Let l be z(-3). Suppose -10 = l*d, 0 = -5*q + 5*d - 3*d - 85. Let o = q + 52. What is the highest common divisor of 22 and o?
11
Let g = 60 - -104. Let c = g + -68. Suppose 5*m = -41 + c. What is the greatest common factor of m and 11?
11
Let x be (3/(-9))/((-2)/12). Suppose -l + 3*f + 20 = 0, -20 = -x*l - 2*f + 3*f. Let a = 43 + -23. Calculate the greatest common divisor of a and l.
4
Let p = -123 - -48. Let i = 105 + p. Let v(t) = -2*t**3 + 2*t. Let m be v(-2). What is the greatest common factor of m and i?
6
Let p(f) = 10*f - 2. Let n be p(2). What is the highest common divisor of 18 and n?
18
Suppose -153 = -5*j + 32. Let f = -25 + j. Calculate the highest common divisor of 30 and f.
6
Let j = 49 + -29. Suppose 6*u = u - j. Let h = u - -22. What is the greatest common factor of 144 and h?
18
Let y(q) = -q + 10. Let o be y(-11). What is the highest common divisor of 14 and o?
7
Let w = -2 + 28. What is the greatest common divisor of 182 and w?
26
Let m be 1309/21 - ((-16)/6 + 2). Calculate the highest common factor of 147 and m.
21
Suppose 1200 = 5*f - b - 3*b, -2*b = 3*f - 720. What is the highest common divisor of f and 15?
15
Let q = 764 - 420. Let f = q - 190. Let l be 1 - (1 + f/(-2)). Calculate the highest common divisor of l and 11.
11
Suppose -11 + 4 = -c. Suppose l = 114 + c. Let a = -3 - -14. Calculate the greatest common factor of l and a.
11
Let q be (-6)/(-10) - (-42)/5. Let c be 28 + (1 - (-2)/(-1)). Calculate the greatest common factor of q and c.
9
Suppose 3*w = 5*a - 160, w = 2*w. Calculate the highest common factor of 16 and a.
16
Suppose -v + k + 6 = -0*k, 5*v + 5*k - 70 = 0. Let o be (-2 - -1)/(2/(-100)). What is the greatest common factor of o and v?
10